{"id":25,"date":"2026-03-29T18:50:03","date_gmt":"2026-03-29T16:50:03","guid":{"rendered":"http:\/\/192.168.1.44\/ibo\/index.php\/turistik\/"},"modified":"2026-03-29T18:50:03","modified_gmt":"2026-03-29T16:50:03","slug":"turistik","status":"publish","type":"page","link":"https:\/\/ibo.livingmind.de\/index.php\/turistik\/","title":{"rendered":"Turistik"},"content":{"rendered":"\t\t<div data-elementor-type=\"wp-page\" data-elementor-id=\"25\" class=\"elementor elementor-25\">\n\t\t\t\t<div class=\"elementor-element elementor-element-35ee0fd2 e-con-full e-flex e-con e-parent\" data-id=\"35ee0fd2\" data-element_type=\"container\" data-e-type=\"container\">\n\t\t\t\t<div class=\"elementor-element elementor-element-149b4271 elementor-widget elementor-widget-ibo-page-hero\" data-id=\"149b4271\" data-element_type=\"widget\" data-e-type=\"widget\" data-widget_type=\"ibo-page-hero.default\">\n\t\t\t\t<div class=\"elementor-widget-container\">\n\t\t\t\t\t<section class=\"page-hero\"><div class=\"site-shell page-hero__grid\"><div class=\"page-hero__media panel\"><img decoding=\"async\" src=\"\/wp-content\/uploads\/legacy-media\/theme\/images\/001.jpg\" alt=\"Turistik\"><\/div><div class=\"page-hero__panel panel\"><h1>Turistik<\/h1><p>Da\u011f sporlar\u0131 ile ilgilenenler i\u00e7in k\u00f6y\u00fcm\u00fcz ka\u00e7\u0131n\u0131lmaz g\u00fczel bir y\u00f6redir.<\/p><\/div><\/div><\/section>\t\t\t\t<\/div>\n\t\t\t\t<\/div>\n\t\t\t\t<div class=\"elementor-element elementor-element-de6d7069 elementor-widget elementor-widget-ibo-localized-copy\" data-id=\"de6d7069\" data-element_type=\"widget\" data-e-type=\"widget\" data-widget_type=\"ibo-localized-copy.default\">\n\t\t\t\t<div class=\"elementor-widget-container\">\n\t\t\t\t\t<section class=\"site-shell section-block\"><article class=\"panel prose\"><h2>K\u0131rklar Da\u011f\u0131 Gezisi<\/h2><p>Da\u011f sporlar\u0131 ile ilgilenenler i\u00e7in ka\u00e7\u0131n\u0131lmaz g\u00fczel bir y\u00f6redir k\u00f6y\u00fcm\u00fcz. Da\u011flar\u0131m\u0131z ilgin\u00e7tir ve en y\u00fcksek da\u011f\u0131m\u0131z K\u0131rklar da\u011f\u0131d\u0131r; yaz k\u0131\u015f kuzey k\u0131s\u0131mlar\u0131nda kar kal\u0131r. Da\u011f\u0131n zirvesinden, 360 derece panaromik olarak her yeri g\u00f6rmek m\u00fcmk\u00fcnd\u00fcr. Do\u011fuya bakt\u0131\u011f\u0131n\u0131zda Pazaryolu ve Erzurum da\u011flar\u0131, K\u00f6ro\u011flu da\u011flar\u0131; bat\u0131ya bakt\u0131\u011f\u0131n\u0131zda Bayburt da\u011flar\u0131; g\u00fcneye bakt\u0131\u011f\u0131n\u0131zda ise, sis yoksa, Karadeniz t\u00fcm ha\u015fmetiyle g\u00f6r\u00fcn\u00fcr.<\/p>\r\n<p>Y\u00f6remizin en y\u00fcksek da\u011f\u0131 K\u0131rklar&#8217;d\u0131r ve sular\u0131 \u00e7ok so\u011fuktur, di\u015flerini dondurur adeta insan\u0131n. Korkut k\u00f6y\u00fc \u00e7ok farkl\u0131 bir iklim ve havaya sahiptir. Saat 14.00&#8217;ten sonra insan\u0131n y\u00fcz\u00fcn\u00fc ok\u015fayan serin bir r\u00fczgar eser. K\u00f6yl\u00fclerin dilinde bu r\u00fczgara Barhar denilir. Korkut k\u00f6y\u00fcne giden, oray\u0131 gezen, orada kalan bilir. K\u0131\u015flar\u0131 sert ve so\u011fuktur. Yazlar\u0131 ise temiz, g\u00fcne\u015fli ve a\u00e7\u0131k bir havaya sahiptir bu \u015firin ve g\u00fczel k\u00f6y\u00fcm\u00fcz.<\/p>\r\n<p>K\u00f6y\u00fcm\u00fcz yaz ve k\u0131\u015f aylar\u0131nda bile kalabal\u0131k olur, \u0130stanbul&#8217;dan ve yurt d\u0131\u015f\u0131ndan gelenleri t\u00fcm y\u0131l boyu a\u011f\u0131rlar. K\u00f6y\u00fcm\u00fcz\u00fcn yerlisi yabanc\u0131s\u0131 herkes k\u00f6y\u00fcm\u00fcze sevin\u00e7le gelir ve izninin nas\u0131l ge\u00e7ti\u011fini anlayamadan, tatili bitti\u011finde k\u00f6yden hi\u00e7 ayr\u0131lmak istemez. \u015eahsen ben k\u00f6y\u00fcm\u00fcze her gitti\u011fimde sevin\u00e7le h\u00fczn\u00fc bir arada ya\u015far\u0131m. Topra\u011f\u0131n\u0131 koklar, suyunu i\u00e7er ve havas\u0131n\u0131 doyas\u0131ya teneff\u00fcs ederim; bu benim en b\u00fcy\u00fck sevincimdir. Ancak d\u00f6n\u00fc\u015f\u00fcm \u00e7ok zor olur, ayaklar\u0131m adeta geri d\u00f6nmek istemez. Bu da benim en b\u00fcy\u00fck h\u00fczn\u00fcmd\u00fcr: bir daha nasip olur mu, acaba bir daha gelebilecek miyim diye d\u00fc\u015f\u00fcn\u00fcr\u00fcm.<\/p>\r\n<p><strong>\u0130brahim Korkut<\/strong><\/p><\/article><\/section>\t\t\t\t<\/div>\n\t\t\t\t<\/div>\n\t\t\t\t<div class=\"elementor-element elementor-element-90aeec41 elementor-widget elementor-widget-ibo-media-gallery\" data-id=\"90aeec41\" data-element_type=\"widget\" data-e-type=\"widget\" data-widget_type=\"ibo-media-gallery.default\">\n\t\t\t\t<div class=\"elementor-widget-container\">\n\t\t\t\t\t<section class=\"site-shell section-block\"><div class=\"panel media-gallery\"><div class=\"media-gallery__header\"><h2>Dibek<\/h2><p>Yorede gezi basliklari arasinda verilen Dibek bolumu buraya eklendi.<\/p><\/div><div class=\"media-gallery__grid media-gallery__grid--stack\"><figure class=\"media-gallery__item\"><a class=\"media-gallery__link\" href=\"\/wp-content\/uploads\/legacy-media\/site\/Dibek\/dibek.jpg\"><img decoding=\"async\" src=\"\/wp-content\/uploads\/legacy-media\/site\/Dibek\/dibek.jpg\" alt=\"Dibek\"><\/a><\/figure><figure class=\"media-gallery__item\"><a class=\"media-gallery__link\" href=\"\/wp-content\/uploads\/legacy-media\/site\/Dibek\/tas.jpg\"><img decoding=\"async\" src=\"\/wp-content\/uploads\/legacy-media\/site\/Dibek\/tas.jpg\" alt=\"Dibek\"><\/a><\/figure><\/div><\/div><\/section>\t\t\t\t<\/div>\n\t\t\t\t<\/div>\n\t\t\t\t<div class=\"elementor-element elementor-element-f825f068 elementor-widget elementor-widget-ibo-media-gallery\" data-id=\"f825f068\" data-element_type=\"widget\" data-e-type=\"widget\" data-widget_type=\"ibo-media-gallery.default\">\n\t\t\t\t<div class=\"elementor-widget-container\">\n\t\t\t\t\t<section class=\"site-shell section-block\"><div class=\"panel media-gallery\"><div class=\"media-gallery__header\"><h2>Buyukmese<\/h2><p>Buyukmese fotograflari turistik sayfaya eklendi.<\/p><\/div><div class=\"media-gallery__grid media-gallery__grid--grid\"><figure class=\"media-gallery__item\"><a class=\"media-gallery__link\" href=\"\/wp-content\/uploads\/legacy-media\/site\/Buyukmese\/001.jpg\"><img decoding=\"async\" src=\"\/wp-content\/uploads\/legacy-media\/site\/Buyukmese\/001.jpg\" alt=\"Buyukmese\"><\/a><\/figure><figure class=\"media-gallery__item\"><a class=\"media-gallery__link\" href=\"\/wp-content\/uploads\/legacy-media\/site\/Buyukmese\/002.jpg\"><img decoding=\"async\" src=\"\/wp-content\/uploads\/legacy-media\/site\/Buyukmese\/002.jpg\" alt=\"Buyukmese\"><\/a><\/figure><figure class=\"media-gallery__item\"><a class=\"media-gallery__link\" href=\"\/wp-content\/uploads\/legacy-media\/site\/Buyukmese\/003.jpg\"><img decoding=\"async\" src=\"\/wp-content\/uploads\/legacy-media\/site\/Buyukmese\/003.jpg\" alt=\"Buyukmese\"><\/a><\/figure><figure class=\"media-gallery__item\"><a class=\"media-gallery__link\" href=\"\/wp-content\/uploads\/legacy-media\/site\/Buyukmese\/004.jpg\"><img decoding=\"async\" src=\"\/wp-content\/uploads\/legacy-media\/site\/Buyukmese\/004.jpg\" alt=\"Buyukmese\"><\/a><\/figure><figure class=\"media-gallery__item\"><a class=\"media-gallery__link\" href=\"\/wp-content\/uploads\/legacy-media\/site\/Buyukmese\/005.jpg\"><img decoding=\"async\" src=\"\/wp-content\/uploads\/legacy-media\/site\/Buyukmese\/005.jpg\" alt=\"Buyukmese\"><\/a><\/figure><figure class=\"media-gallery__item\"><a class=\"media-gallery__link\" href=\"\/wp-content\/uploads\/legacy-media\/site\/Buyukmese\/006.jpg\"><img decoding=\"async\" src=\"\/wp-content\/uploads\/legacy-media\/site\/Buyukmese\/006.jpg\" alt=\"Buyukmese\"><\/a><\/figure><figure class=\"media-gallery__item\"><a class=\"media-gallery__link\" href=\"\/wp-content\/uploads\/legacy-media\/site\/Buyukmese\/007.jpg\"><img decoding=\"async\" src=\"\/wp-content\/uploads\/legacy-media\/site\/Buyukmese\/007.jpg\" alt=\"Buyukmese\"><\/a><\/figure><figure class=\"media-gallery__item\"><a class=\"media-gallery__link\" href=\"\/wp-content\/uploads\/legacy-media\/site\/Buyukmese\/008.jpg\"><img decoding=\"async\" src=\"\/wp-content\/uploads\/legacy-media\/site\/Buyukmese\/008.jpg\" alt=\"Buyukmese\"><\/a><\/figure><figure class=\"media-gallery__item\"><a class=\"media-gallery__link\" href=\"\/wp-content\/uploads\/legacy-media\/site\/Buyukmese\/009.jpg\"><img decoding=\"async\" src=\"\/wp-content\/uploads\/legacy-media\/site\/Buyukmese\/009.jpg\" alt=\"Buyukmese\"><\/a><\/figure><figure class=\"media-gallery__item\"><a class=\"media-gallery__link\" href=\"\/wp-content\/uploads\/legacy-media\/site\/Buyukmese\/011.jpg\"><img decoding=\"async\" src=\"\/wp-content\/uploads\/legacy-media\/site\/Buyukmese\/011.jpg\" alt=\"Buyukmese\"><\/a><\/figure><figure class=\"media-gallery__item\"><a class=\"media-gallery__link\" href=\"\/wp-content\/uploads\/legacy-media\/site\/Buyukmese\/012.jpg\"><img decoding=\"async\" src=\"\/wp-content\/uploads\/legacy-media\/site\/Buyukmese\/012.jpg\" alt=\"Buyukmese\"><\/a><\/figure><\/div><\/div><\/section>\t\t\t\t<\/div>\n\t\t\t\t<\/div>\n\t\t\t\t<div class=\"elementor-element elementor-element-98c22edf elementor-widget elementor-widget-ibo-media-gallery\" data-id=\"98c22edf\" data-element_type=\"widget\" data-e-type=\"widget\" data-widget_type=\"ibo-media-gallery.default\">\n\t\t\t\t<div class=\"elementor-widget-container\">\n\t\t\t\t\t<section class=\"site-shell section-block\"><div class=\"panel media-gallery\"><div class=\"media-gallery__header\"><h2>Akopundere<\/h2><p>Akopundere manzaralari da bu gezi arsivine alindi.<\/p><\/div><div class=\"media-gallery__grid media-gallery__grid--grid\"><figure class=\"media-gallery__item\"><a class=\"media-gallery__link\" href=\"\/wp-content\/uploads\/legacy-media\/site\/Akopundere\/IMG_0683.jpg\"><img decoding=\"async\" src=\"\/wp-content\/uploads\/legacy-media\/site\/Akopundere\/IMG_0683.jpg\" alt=\"Akopundere\"><\/a><\/figure><figure class=\"media-gallery__item\"><a class=\"media-gallery__link\" href=\"\/wp-content\/uploads\/legacy-media\/site\/Akopundere\/IMG_0684.jpg\"><img decoding=\"async\" src=\"\/wp-content\/uploads\/legacy-media\/site\/Akopundere\/IMG_0684.jpg\" alt=\"Akopundere\"><\/a><\/figure><figure class=\"media-gallery__item\"><a class=\"media-gallery__link\" href=\"\/wp-content\/uploads\/legacy-media\/site\/Akopundere\/IMG_0685.jpg\"><img decoding=\"async\" src=\"\/wp-content\/uploads\/legacy-media\/site\/Akopundere\/IMG_0685.jpg\" alt=\"Akopundere\"><\/a><\/figure><figure class=\"media-gallery__item\"><a class=\"media-gallery__link\" href=\"\/wp-content\/uploads\/legacy-media\/site\/Akopundere\/IMG_0704.jpg\"><img decoding=\"async\" src=\"\/wp-content\/uploads\/legacy-media\/site\/Akopundere\/IMG_0704.jpg\" alt=\"Akopundere\"><\/a><\/figure><figure class=\"media-gallery__item\"><a class=\"media-gallery__link\" href=\"\/wp-content\/uploads\/legacy-media\/site\/Akopundere\/IMG_1199.jpg\"><img decoding=\"async\" src=\"\/wp-content\/uploads\/legacy-media\/site\/Akopundere\/IMG_1199.jpg\" alt=\"Akopundere\"><\/a><\/figure><figure class=\"media-gallery__item\"><a class=\"media-gallery__link\" href=\"\/wp-content\/uploads\/legacy-media\/site\/Akopundere\/IMG_1209.jpg\"><img decoding=\"async\" src=\"\/wp-content\/uploads\/legacy-media\/site\/Akopundere\/IMG_1209.jpg\" alt=\"Akopundere\"><\/a><\/figure><\/div><\/div><\/section>\t\t\t\t<\/div>\n\t\t\t\t<\/div>\n\t\t\t\t<div class=\"elementor-element elementor-element-9a614f19 elementor-widget elementor-widget-ibo-media-gallery\" data-id=\"9a614f19\" data-element_type=\"widget\" data-e-type=\"widget\" data-widget_type=\"ibo-media-gallery.default\">\n\t\t\t\t<div class=\"elementor-widget-container\">\n\t\t\t\t\t<section class=\"site-shell section-block\"><div class=\"panel media-gallery\"><div class=\"media-gallery__header\"><h2>Plavdagi<\/h2><p>Plavdagi fotograflari turistik icerikle birlikte sunulur.<\/p><\/div><div class=\"media-gallery__grid media-gallery__grid--grid\"><figure class=\"media-gallery__item\"><a class=\"media-gallery__link\" href=\"\/wp-content\/uploads\/legacy-media\/site\/Plavdagi\/IMG_0315.jpg\"><img decoding=\"async\" src=\"\/wp-content\/uploads\/legacy-media\/site\/Plavdagi\/IMG_0315.jpg\" alt=\"Plavdagi\"><\/a><\/figure><figure class=\"media-gallery__item\"><a class=\"media-gallery__link\" href=\"\/wp-content\/uploads\/legacy-media\/site\/Plavdagi\/IMG_0632.jpg\"><img decoding=\"async\" src=\"\/wp-content\/uploads\/legacy-media\/site\/Plavdagi\/IMG_0632.jpg\" alt=\"Plavdagi\"><\/a><\/figure><figure class=\"media-gallery__item\"><a class=\"media-gallery__link\" href=\"\/wp-content\/uploads\/legacy-media\/site\/Plavdagi\/IMG_0633.jpg\"><img decoding=\"async\" src=\"\/wp-content\/uploads\/legacy-media\/site\/Plavdagi\/IMG_0633.jpg\" alt=\"Plavdagi\"><\/a><\/figure><figure class=\"media-gallery__item\"><a class=\"media-gallery__link\" href=\"\/wp-content\/uploads\/legacy-media\/site\/Plavdagi\/IMG_1051.jpg\"><img decoding=\"async\" src=\"\/wp-content\/uploads\/legacy-media\/site\/Plavdagi\/IMG_1051.jpg\" alt=\"Plavdagi\"><\/a><\/figure><figure class=\"media-gallery__item\"><a class=\"media-gallery__link\" href=\"\/wp-content\/uploads\/legacy-media\/site\/Plavdagi\/IMG_1068.jpg\"><img decoding=\"async\" src=\"\/wp-content\/uploads\/legacy-media\/site\/Plavdagi\/IMG_1068.jpg\" alt=\"Plavdagi\"><\/a><\/figure><figure class=\"media-gallery__item\"><a class=\"media-gallery__link\" href=\"\/wp-content\/uploads\/legacy-media\/site\/Plavdagi\/IMG_1201.jpg\"><img decoding=\"async\" src=\"\/wp-content\/uploads\/legacy-media\/site\/Plavdagi\/IMG_1201.jpg\" alt=\"Plavdagi\"><\/a><\/figure><\/div><\/div><\/section>\t\t\t\t<\/div>\n\t\t\t\t<\/div>\n\t\t\t\t<\/div>\n\t\t\t\t<\/div>\n\t\t","protected":false},"excerpt":{"rendered":"<p>Da\u011f sporlar\u0131 ile ilgilenenler i\u00e7in k\u00f6y\u00fcm\u00fcz ka\u00e7\u0131n\u0131lmaz g\u00fczel bir y\u00f6redir.<\/p>\n","protected":false},"author":1,"featured_media":0,"parent":0,"menu_order":0,"comment_status":"closed","ping_status":"closed","template":"template-elementor.php","meta":{"footnotes":""},"class_list":["post-25","page","type-page","status-publish","hentry"],"_links":{"self":[{"href":"https:\/\/ibo.livingmind.de\/index.php\/wp-json\/wp\/v2\/pages\/25","targetHints":{"allow":["GET"]}}],"collection":[{"href":"https:\/\/ibo.livingmind.de\/index.php\/wp-json\/wp\/v2\/pages"}],"about":[{"href":"https:\/\/ibo.livingmind.de\/index.php\/wp-json\/wp\/v2\/types\/page"}],"author":[{"embeddable":true,"href":"https:\/\/ibo.livingmind.de\/index.php\/wp-json\/wp\/v2\/users\/1"}],"replies":[{"embeddable":true,"href":"https:\/\/ibo.livingmind.de\/index.php\/wp-json\/wp\/v2\/comments?post=25"}],"version-history":[{"count":5,"href":"https:\/\/ibo.livingmind.de\/index.php\/wp-json\/wp\/v2\/pages\/25\/revisions"}],"predecessor-version":[{"id":1215,"href":"https:\/\/ibo.livingmind.de\/index.php\/wp-json\/wp\/v2\/pages\/25\/revisions\/1215"}],"wp:attachment":[{"href":"https:\/\/ibo.livingmind.de\/index.php\/wp-json\/wp\/v2\/media?parent=25"}],"curies":[{"name":"wp","href":"https:\/\/api.w.org\/{rel}","templated":true}]}}